ainder when 15709462 is divided by 13268?
150
Calculate the remainder when 112620463 is divided by 6264.
7
What is the remainder when 26944785 is divided by 1684048?
17
What is the remainder when 2448563 is divided by 89?
84
Calculate the remainder when 3382909 is divided by 83.
78
What is the remainder when 1101275 is divided by 430?
45
What is the remainder when 100711869 is divided by 31?
30
Calculate the remainder when 32235438 is divided by 193026.
96
Calculate the remainder when 14289798 is divided by 1180.
1178
Calculate the remainder when 3832993 is divided by 229.
220
What is the remainder when 262634 is divided by 1542?
494
What is the remainder when 1573349 is divided by 121006?
271
What is the remainder when 31609 is divided by 149?
21
Calculate the remainder when 168627232 is divided by 7660.
7652
Calculate the remainder when 10306 is divided by 4931.
444
What is the remainder when 1404538 is divided by 455?
408
Calculate the remainder when 41745120 is divided by 11.
10
What is the remainder when 76106758 is divided by 62?
22
Calculate the remainder when 12298749 is divided by 1088.
1085
Calculate the remainder when 120483 is divided by 45.
18
Calculate the remainder when 5044642 is divided by 969.
28
Calculate the remainder when 270156 is divided by 12269.
238
What is the remainder when 22457852 is divided by 97?
24
Calculate the remainder when 27821085 is divided by 144.
141
What is the remainder when 19472 is divided by 19272?
200
Calculate the remainder when 179730 is divided by 35946.
0
Calculate the remainder when 7912915 is divided by 376.
371
Calculate the remainder when 36910587 is divided by 10.
7
What is the remainder when 219790665 is divided by 2090?
2085
What is the remainder when 1029226 is divided by 689?
549
Calculate the remainder when 6918367 is divided by 1287.
742
What is the remainder when 6200848 is divided by 1033433?
250
What is the remainder when 264008 is divided by 1000?
8
Calculate the remainder when 56282 is divided by 843.
644
What is the remainder when 5859410 is divided by 802?
800
Calculate the remainder when 2294988 is divided by 327845.
73
What is the remainder when 142161 is divided by 62?
57
Calculate the remainder when 460658 is divided by 1305.
1298
What is the remainder when 914355 is divided by 148?
11
Calculate the remainder when 16623138 is divided by 21.
0
What is the remainder when 16046575 is divided by 20?
15
What is the remainder when 4636261 is divided by 91?
84
What is the remainder when 11194641 is divided by 63?
45
Calculate the remainder when 851892 is divided by 2077.
322
What is the remainder when 69777 is divided by 5626?
2265
What is the remainder when 5165510 is divided by 15512?
14
What is the remainder when 11466861 is divided by 1484?
1477
Calculate the remainder when 1697372 is divided by 848640.
92
Calculate the remainder when 3285288 is divided by 21472.
72
What is the remainder when 375574 is divided by 410?
14
Calculate the remainder when 5474991 is divided by 183.
180
What is the remainder when 7471871 is divided by 1098?
1079
Calculate the remainder when 575279 is divided by 2877.
2756
Calculate the remainder when 77547066 is divided by 1731.
1728
What is the remainder when 70351 is divided by 1714?
77
Calculate the remainder when 184763684 is divided by 15.
14
Calculate the remainder when 11043519 is divided by 160051.
0
Calculate the remainder when 140633 is divided by 98.
3
Calculate the remainder when 85549 is divided by 83.
59
What is the remainder when 162035 is divided by 118?
21
Calculate the remainder when 20146867 is divided by 321.
265
What is the remainder when 187494 is divided by 6465?
9
Calculate the remainder when 113416621 is divided by 319.
318
What is the remainder when 1788378 is divided by 2286?
726
What is the remainder when 40620 is divided by 1014?
60
Calculate the remainder when 23970487 is divided by 352507.
11
Calculate the remainder when 2668721 is divided by 709.
45
Calculate the remainder when 111019 is divided by 54331.
2357
Calculate the remainder when 72908 is divided by 35730.
1448
What is the remainder when 326108 is divided by 117?
29
Calculate the remainder when 5035798 is divided by 296221.
41
Calculate the remainder when 16911184 is divided by 57521.
10
Calculate the remainder when 38437 is divided by 5773.
3799
What is the remainder when 691290 is divided by 46074?
180
Calculate the remainder when 35512 is divided by 6933.
847
Calculate the remainder when 185198 is divided by 61722.
32
What is the remainder when 1375522 is divided by 149?
103
Calculate the remainder when 571910 is divided by 1521.
14
What is the remainder when 258058 is divided by 384?
10
What is the remainder when 10307560 is divided by 302?
300
What is the remainder when 272312 is divided by 6617?
1015
Calculate the remainder when 1371709 is divided by 3176.
2853
Calculate the remainder when 13283752 is divided by 87.
70
Calculate the remainder when 69960 is divided by 7712.
552
Calculate the remainder when 334349 is divided by 942.
881
Calculate the remainder when 17521 is divided by 3470.
171
Calculate the remainder when 2277805 is divided by 8020.
125
Calculate the remainder when 431679 is divided by 8464.
15
Calculate the remainder when 410320 is divided by 553.
547
Calculate the remainder when 7333979 is divided by 8.
3
What is the remainder when 1176514 is divided by 1478?
26
Calculate the remainder when 553026 is divided by 79003.
5
What is the remainder when 6069484 is divided by 168?
148
Calculate the remainder when 8247458 is divided by 1186.
14
What is the remainder when 707949 is divided by 821?
247
What is the remainder when 72507 is divided by 24063?
318
Calculate the remainder when 3469826 is divided by 933.
932
Calculate the remainder when 489113 is divided by 48891.
203
What is the remainder when 70576213 is divided by 7841801?
4
Calculate the remainder when 397102 is divided by 618.
346
What is the remainder when 10276293 is divided by 446795?
8
What is the remainder when 25210741 is divided by 116?
113
What is the remainder when 2744 is divided by 2129?
615
Calculate the remainder when 1064197 is divided by 49.
15
Calculate the remainder when 33294 is divided by 208.
14
Calculate the remainder when 97361 is divided by 1802.
53
Calculate the remainder when 626855 is divided by 17910.
5
Calculate the remainder when 5957627 is divided by 190.
177
What is the remainder when 55194 is divided by 6195?
5634
What is the remainder when 281001 is divided by 56162?
191
Calculate the remainder when 13547072 is divided by 3133.
3113
Calculate the remainder when 1142197 is divided by 1142100.
97
What is the remainder when 3995 is divided by 1444?
1107
What is the remainder when 820895 is divided by 191?
168
Calculate the remainder when 416812 is divided by 138498.
1318
What is the remainder when 84400249 is divided by 25?
24
What is the remainder when 9579946 is divided by 177?
175
Calculate the remainder when 13452320 is divided by 7355.
25
What is the remainder when 598502 is divided by 635?
332
What is the remainder when 2362173 is divided by 315?
303
Calculate the remainder when 6325566 is divided by 437.
428
What is the remainder when 429685677 is divided by 23?
22
Calculate the remainder when 285473 is divided by 478.
107
Calculate the remainder when 25363 is divided by 1509.
1219
What is the remainder when 4168130 is divided by 65127?
2
What is the remainder when 17836420 is divided by 729?
706
What is the remainder when 4840935 is divided by 8?
7
What is the remainder when 72527 is divided by 7831?
2048
What is the remainder when 396482 is divided by 3849?
35
Calculate the remainder when 100826302 is divided by 9830.
9822
Calculate the remainder when 162219 is divided by 162196.
23
Calculate the remainder when 115333173 is divided by 24.
21
What is the remainder when 61001 is divided by 10099?
407
What is the remainder when 52670 is divided by 2024?
46
Calculate the remainder when 6522623 is divided by 1788.
1787
Calculate the remainder when 2015566 is divided by 30994.
956
What is the remainder when 1507122 is divided by 1359?
1350
What is the remainder when 2552275 is divided by 26310?
205
What is the remainder when 18658 is divided by